d + 35, -3*x + 7 + 66 = -4*d. Calculate the remainder when x is divided by 4/14 - (-288)/21.
13
Suppose 0*d = -2*d. Suppose -5*w + 132 = 2*r, d = r + 4*r + 4*w - 296. Let n = -25 + r. What is the remainder when n is divided by 8?
7
Suppose 9*f - 11*f - 266 = 0. Calculate the remainder when 1 + (f/(-4) - 3/12) is divided by 19.
15
Let r = -17 - -553. What is the remainder when r is divided by 36?
32
Let t = -10 - -25. Let y(c) = c**3 + 6*c**2 + 7*c + 5. Let b be y(-5). Let f(k) = -6*k - 3. Calculate the remainder when f(b) is divided by t.
12
Suppose 0 = -4*v + 12*y - 10*y + 688, -3*v - 4*y + 505 = 0. Calculate the remainder when v is divided by 31.
16
What is the remainder when 68 is divided by ((-52)/(-2))/(2/3)?
29
Let u be (-2 + (1 - -1) - -3)/1. Suppose u*v = 4*q - v - 276, v = 2*q - 143. Calculate the remainder when q is divided by 3 + (-4)/2 + 18.
17
Let z be 8/(-6) - (-132)/(-9). Let h be 26/(-6) + (-2)/(-6). Calculate the remainder when h/z + (-189)/(-12) is divided by 9.
7
What is the remainder when 61 is divided by 4 + 5 + 6*-1?
1
Let u = 134 - 8. Calculate the remainder when u is divided by 60.
6
Let x(h) = h**3 - 9*h**2 - 28*h + 110. What is the remainder when x(12) is divided by 52?
50
Let f(g) = -g**2 + 12*g + 11. Suppose -3*t = -2*t - 9. Suppose 3*z = 8*z - 50. Calculate the remainder when f(t) is divided by z.
8
What is the remainder when 166 is divided by 60060/378 - 1/(-9)?
7
Suppose 2*i = -i - 9, -i + 37 = -4*j. Let h = j + 20. Suppose 9*d = -6*d + 420. What is the remainder when d is divided by h?
8
Suppose 0*l = -l + 10. Let g = 14 - l. Suppose h - o = -0*o + 34, -2*h - g*o = -86. What is the remainder when h is divided by 10?
7
Let x be 32/80 - 3/(-5). What is the remainder when 22 is divided by (11/33)/(x/24)?
6
Suppose 4*g + 27 = 4*c - 37, -c + 5*g = 4. Suppose 5*a - 6*a + c = 0. Calculate the remainder when a is divided by 9.
3
Let t = 69 - 44. What is the remainder when ((-24)/10 + 2)/(4/(-940)) is divided by t?
19
Let j = -2180 - -2183. What is the remainder when 194 is divided by j?
2
Let d(u) = -u**3 - 10*u**2 + 7*u - 7. Let g be d(-11). Suppose -g = -t - 3. Calculate the remainder when t is divided by 9.
7
Suppose -4*h = 3*u - 194, -3*h = 2*u - 7*h - 96. Calculate the remainder when u is divided by 33.
25
Let h be (-1)/(5/(-25 + 0)). Suppose 4*w - 6*w = -h*f - 88, -5*w + 3*f + 258 = 0. Calculate the remainder when w is divided by 11.
10
Let l be ((-40)/6)/(14/(-147)). Let y = 98 - l. Calculate the remainder when y is divided by 15.
13
Let v = 135 - 120. What is the remainder when 102 is divided by v?
12
Let t = 16 - 6. Let y(r) = -r**3 - 6*r**2 + r - 3. Let c be 12/(-8)*28/6. What is the remainder when y(c) is divided by t?
9
Let z(b) = b**3 - 13*b**2 + 12*b + 15. Let u = -12 + 24. Let v be z(u). Calculate the remainder when (-121 - v/5)/(-2) is divided by 8.
6
Let z(g) = 2*g**2 + 65*g - 13. What is the remainder when 27 is divided by z(-33)?
7
Suppose 4*m = -4*j + 836, 117*j + 629 = 3*m + 119*j. Calculate the remainder when m is divided by 96.
19
Let d(j) = -j**2 + j + 13. Calculate the remainder when 2/(-12)*-138*2 is divided by d(0).
7
Let t be 4/(-10) + 2/5. Suppose t = 2*v + 3*v + r - 150, -135 = -5*v + 2*r. Suppose -d = -v + 23. Calculate the remainder when 21 is divided by d.
3
Let m(g) = -5*g + 26. Let r be m(6). What is the remainder when 0 + 64 + 0/(-2) is divided by 2*-3*(4/12 + r)?
20
Let m be (-1)/((-1)/(-18)*-2). Suppose 5*z = 64 - m. Suppose 16 = -v + 59. Calculate the remainder when v is divided by z.
10
Let q(y) = y**3 + 11*y**2 - 7*y + 19. Let r be q(-12). Let m = -18 - r. What is the remainder when m is divided by 12?
11
Let j = -65 - -69. Suppose -4*x + j*o = -20, 6*o - o - 5 = -x. Calculate the remainder when 23 is divided by x.
3
Let n(b) = b + 1. Let x be n(2). Suppose 2*u = x*q + 42 + 82, -3*q = -u + 62. Let f(d) = -5*d + 1. Calculate the remainder when u is divided by f(-3).
14
Let u = 57 - 30. Suppose -52 = u*j - 31*j. What is the remainder when 76 is divided by j?
11
Let g(l) = -2*l**2 + 46*l + 121. Calculate the remainder when 1321 is divided by g(25).
19
Let l(k) = 262*k + 3148. Let g = 1 + 0. What is the remainder when l(-12) is divided by g?
0
Suppose -5*m = -6*m - 3*f + 11, m + f = 9. Let q be 3/3 - 53/1. Calculate the remainder when (-9)/6*q/6 is divided by m.
5
Let u(h) = -h**2 - 14*h - 10. Let m be (-6 - 0) + (0 - 2). What is the remainder when u(-10) is divided by (m/3)/(3/(-9))?
6
What is the remainder when 356 is divided by -2 - (-6)/((-10 + 4)/(-42))?
36
Let p(x) = 2*x**2 + 10*x + 3. Suppose 0 = -3*s + j + 4, j + 8 = -s + 6*j. Suppose -a + s*a = -5. What is the remainder when 3 is divided by p(a)?
0
Let b = 12 - 8. Suppose 5*d = p + b*p + 1120, 2*p + 226 = d. Suppose -v + d = 2*v. Calculate the remainder when v is divided by 25.
24
Let a = 503 - 489. Calculate the remainder when 111 is divided by a.
13
Let p(s) = -s**2 + 8*s + 8. Let a be p(7). Let d = -1 - a. Let w = 28 + d. What is the remainder when 23 is divided by w?
11
Suppose 1460 = 42*j - 58222. What is the remainder when j is divided by 6?
5
Suppose -30*t + 1461 - 141 = 0. What is the remainder when t is divided by 8?
4
Suppose -15*g + 54 = -9*g. Let v(b) = 2*b**2 - 9*b - 2. Calculate the remainder when v(g) is divided by 20.
19
Let z = 24 - 24. Suppose -2*p = u - 35, p + z*u - 3*u = 0. What is the remainder when 43 is divided by p?
13
Suppose 3*u = -2*f - 16 + 78, 5 = -f. Suppose 29*h = u*h + 445. What is the remainder when h is divided by 31?
27
Suppose -9507*b + 9493*b + 294 = 0. Suppose 3*c + 2*c - 200 = 0. What is the remainder when c is divided by b?
19
Suppose 0*a - 5*a = -230. Let d = 9 + 4. Let f = 3 + d. Calculate the remainder when a is divided by f.
14
Let k(o) = -o**3 - 32*o**2 - 60*o + 34. Calculate the remainder when 64 is divided by k(-30).
30
Let x = -11 + 18. Let q(b) = 4*b**2 - 3*b + 10. Let y be q(-5). Suppose 3*h = 0, 2*k = -3*k + 4*h + y. Calculate the remainder when k is divided by x.
4
Calculate the remainder when 93 is divided by 36 + -22 + 9*(-2)/3.
5
Suppose 324 + 52 = 2*j. Let r = -130 + j. Calculate the remainder when r is divided by 20.
18
Suppose 377 = 4*z - 143. Suppose z = c + c. What is the remainder when c is divided by 14?
9
Calculate the remainder when (16 - 42)/(2/(-5)) is divided by 18.
11
Let r(f) = 8*f - 3 - 179*f**2 - f**3 + 6 + 184*f**2. Calculate the remainder when r(6) is divided by (-2)/(-6) - (-23)/3.
7
Let z = -128 - -181. Let k = 291 - 277. Calculate the remainder when z is divided by k.
11
Suppose 0 = -g - 3*g + 536. Suppose -6*j + 158 + 46 = 0. What is the remainder when g is divided by j?
32
Calculate the remainder when 3*(-20)/15 - -48 is divided by 7.
2
Suppose 3*x + l - 938 = 0, 3*x = -x + l + 1246. Suppose 12*q - 8*q - x = 0. Calculate the remainder when q is divided by 20.
18
Suppose 3*w - 39 = -3*s, 0*s - 3*s = 4*w - 43. Let y(r) = -35*r + 256. What is the remainder when y(7) is divided by s?
2
Suppose 78 = 4*x - x. Suppose -4*f + 4*k + x = -22, k + 19 = 2*f. Let c(h) = -2*h**3 + 103*h**2 - 52*h + 56. What is the remainder when f is divided by c(51)?
2
Suppose 25*o = 24*o - 61. Let w = 69 + o. What is the remainder when 13 is divided by w?
5
Let g(c) = 28*c**2 - 6*c + 3. Let k be g(-4). Suppose 5*s - 254 = -8*y + 5*y, 0 = -5*y + 2*s + k. Calculate the remainder when y is divided by 14.
9
Suppose -f - 4*o = 2, -28 = -f + 4*o - 6. Calculate the remainder when 526/18 - (-2)/(-9) is divided by f.
9
What is the remainder when ((-190)/(-35) + (-3)/7)*79 is divided by 19?
15
Let m be (892/(-6) + 0)/((-51)/153). Suppose -m = -12*h + 418. Calculate the remainder when h is divided by 25.
22
Let m = -151 + 195. Calculate the remainder when m is divided by 30.
14
Calculate the remainder when 58 is divided by -4 - -7 - 1/(-1).
2
Suppose 3*h - 319 = -2*d + 554, 3*d = 2*h - 569. Suppose -4*o + h + 75 = 0. What is the remainder when o is divided by 31?
29
Let d(u) = -u**3 + u**2 + 2. Let n(v) = -v**3 + v**2 + v - 4. Let t be n(0). Suppose 0 = 168*j - 158*j - 170. What is the remainder when d(t) is divided by j?
14
Let u = 2545 - 1770. What is the remainder when u is divided by 26?
21
Let t(n) = 9*n - 4. Let j be t(1). Suppose 0 = -5*k + 2*k - j*u + 35, -k = 2*u - 11. Wha